t is the units digit of x?
5
Let x be 0 + (-94)/(-14) + 14/49. Suppose x*j + 48 = 13*j. What is the units digit of j?
8
Suppose 57689 + 105523 = 42*k. What is the tens digit of k?
8
Let x = -576 + 1120. What is the hundreds digit of x?
5
Let u = -1310 - -2095. What is the units digit of u?
5
Suppose -2*j - 5*s + 639 = 0, -14*j - 5*s + 312 = -13*j. What is the units digit of j?
7
Let u = 26 + -30. Let m(j) = -j**3 - 3*j**2 + 4*j - 3. Let r be m(u). What is the units digit of 73 - r*(-4)/(-4)?
6
Let g = -382 - -644. What is the units digit of g?
2
Let i(d) be the second derivative of -1/12*d**4 - 5*d - 1/6*d**3 + 0 + 1/20*d**5 + 37/2*d**2. What is the units digit of i(0)?
7
Let l be (-10 - 1)*(-2)/(-2). Let r = l + 27. What is the units digit of r?
6
Suppose -5*s - 302 = -2*s - 2*w, 0 = -3*s - 5*w - 274. Let n = -35 - s. What is the tens digit of n?
6
Let q be -1*(1 - -3 - (20 + -15)). What is the units digit of 174 + 47 + 1/(q/4)?
5
Let z(t) = 1. Let n(k) = -k**2 + 3. Let i be n(2). Let d(o) = -o**2 - 5*o - 4. Let f(s) = i*d(s) + z(s). What is the units digit of f(-5)?
5
Suppose -2*f + 2 = 2*l, -l + 6 = 5*f - 11. Suppose 117 = f*g - 91. Let c = 95 - g. What is the tens digit of c?
4
Suppose 0 = -q + 6 + 14. What is the tens digit of -1 + 3/12 + 375/q?
1
Suppose 17*w = -26*w + 105737. What is the tens digit of w?
5
Let h(u) = u**2 - 15*u + 32. Let a be h(13). Suppose 9*v - 153 = a*v. What is the tens digit of v?
5
Suppose 0 = -7*s + 26 + 86. What is the tens digit of s?
1
Let o(u) = -13*u - 231. Let w be o(-18). Suppose 0*y - 3*i + 13 = y, 5*i = 15. Suppose 4*d = 2*q + 190, -w*d + y*q + 118 = -32. What is the units digit of d?
6
Let s = 1857 - 1013. What is the units digit of s?
4
Suppose 11*w = 15*w - 24. Suppose -1050 = -t - w*t. What is the hundreds digit of t?
1
Suppose 0*j = 19*j - 17062. What is the tens digit of j?
9
What is the tens digit of (1 - (-1448)/20)*5?
6
Let h be 4 - 1 - (-23 + -3). Let p = h + 27. What is the units digit of p?
6
Suppose 19*u = 2*u + 50320. What is the thousands digit of u?
2
Let d be (-1*(-1 - -327))/(-3 - -1). Let n = -65 + d. What is the units digit of n?
8
Let u(i) = -5*i - 89. What is the units digit of u(-31)?
6
Suppose 3*o + 2*d + 92 = 0, 3*o = d + 2*d - 87. Let c be (o/12)/(1/(-6)). Suppose 3*s - c = 69. What is the tens digit of s?
2
Suppose -3*q - 12*c = -13*c - 1816, -4*q + 2416 = 4*c. What is the units digit of q?
5
Suppose -5*d = -24 - 1. Let p = -7 + d. Let h = 4 + p. What is the units digit of h?
2
Let f be 6/(-21) - 233/(-7). Suppose -5*i = f - 463. What is the units digit of i?
6
Let q = 214 - 71. Suppose -3*p + q = -4*d, 5*d - 5 = -0. What is the tens digit of p?
4
Let x = 25 - -15. What is the tens digit of 1 + x/(-6)*-12?
8
Let f be 4/14 - 4435/(-35). Suppose -3*h + 56 + f = 0. What is the tens digit of h?
6
Suppose -6*w + 7*w + 15709 = 5*d, 15693 = 5*d + 3*w. What is the units digit of d?
1
Suppose 5*c = -3*z + 1013 - 15, 2*z - 680 = 4*c. What is the tens digit of z?
3
Let v = -19 + 25. What is the units digit of (8/v)/(-5*8/(-1140))?
8
Let b = 3635 - 662. What is the units digit of b?
3
Suppose -4*c + 1344 = -0*c. Suppose 11*n - c = 7*n. What is the tens digit of n?
8
Let b be (1491/14)/(1/(-2)). Let i = b - -409. What is the units digit of i?
6
Let c be (61/2)/(1/2). Suppose -6*y + 541 = c. What is the units digit of y?
0
Let h = -30 + 20. What is the tens digit of 96/h*80/(-12)?
6
Let x(j) = -2*j - 12. Let y be x(-6). Let d(i) = -i**3 - i**2 + 57. What is the tens digit of d(y)?
5
Let s(i) = -i**3 + 7*i**2 + 51*i + 23. What is the tens digit of s(10)?
3
Let b = -5 + 6. Let d = 1 - b. Suppose d = -0*k + 3*k - r - 217, -4*r - 211 = -3*k. What is the tens digit of k?
7
Let c = 43 + -31. Suppose 2*p + 4 = c. Suppose 0 = 2*k - q - 9, p*k - 5 = -5*q + 34. What is the units digit of k?
6
Let f be 22/121 - (-20)/11. What is the units digit of f + 2 + 0/(-2)?
4
Let u(q) be the third derivative of -q**5/60 - 17*q**4/24 + 2*q**2. Suppose 4*s - 16*j + 21*j = -76, -3*j - 26 = s. What is the units digit of u(s)?
2
Let l be ((-3)/6)/(1/(-46)). Let w = -20 + l. Suppose -55 = -w*t + 14. What is the tens digit of t?
2
Let w(z) = z**3 + 4*z**2 + 3*z + 6. Let s be w(-4). Suppose 9 = 2*y - 3*t, -4*t + 2*t + 10 = 4*y. What is the units digit of (y/s)/((-2)/52)?
3
Let r be -3*11/(99/30). Let s(k) = -k**2 - 11*k + 9. Let c be s(r). Let n = c + -18. What is the units digit of n?
1
Let a = -1679 - -2744. What is the thousands digit of a?
1
Let v = 218 - 54. Suppose -v = -4*m + p, -7*m + 5*p + 220 = -2*m. What is the units digit of m?
0
Suppose 11*u - 15*u = -8. What is the hundreds digit of -3 - ((u - 4)/2 + -128)?
1
What is the hundreds digit of 14/(-8 + 532/66)?
2
Let a = 35 + 15. What is the units digit of (-10)/4*(-640)/a?
2
Let n(r) = -r**3 + 9*r**2 + 11*r - 1. Let g be n(10). Suppose -200 = g*f - 13*f. What is the units digit of f?
0
Suppose 16*i + 30*i = 11638. What is the units digit of i?
3
Let q(c) = 664*c - 35. What is the hundreds digit of q(1)?
6
Suppose -1543 = -5*w + k, -w + 44 = -4*k - 257. What is the tens digit of w?
0
Let o = 194 + -168. Suppose -2*n - 9 = -3*k, -k - 3*k = 3*n - 12. What is the tens digit of -3 + (o - k) - 2?
1
Suppose 22*l = 43*l - 10059. What is the units digit of l?
9
Suppose d = 3*x + 8, 0 = -3*d + 4*x - 5 + 39. Suppose -21*c = -7*c - d. What is the units digit of c?
1
Let b be (-40)/(-15) - 1/(-3). Suppose 2*q - j - 158 = -b*j, 3*q - 2*j = 237. What is the tens digit of q?
7
Let y = -10327 + 14734. What is the units digit of y?
7
What is the tens digit of (-824)/(-10) - 0 - (-278)/(-695)?
8
Suppose 7*p - 1695 = 1441. What is the hundreds digit of p?
4
Suppose 5*z + 2165 = 3*w, -w + 731 = 8*z - 12*z. What is the hundreds digit of w?
7
Let g = 470 - -293. What is the hundreds digit of g?
7
Suppose 17*z - 5*z + 36 = 0. What is the units digit of z/((-12)/(-22))*-34?
7
Let p = 4 + -4. Suppose -j - 162 = 5*m, 4*j + 5*m + 1 + 617 = p. What is the tens digit of (j/(-12))/((-3)/(-9))?
3
Suppose 4*y = -3*l - 2*l + 138, l - 2*y = 22. Suppose 10*r - 806 = -l. What is the tens digit of r?
7
Suppose 0 = 5*p - 5*c - 6130, -4879 = -6*p + 2*p - c. What is the thousands digit of p?
1
Let b be 10/(41/20 - (0 + 2)). Suppose 2*l + r - b = 2*r, 400 = 4*l + r. What is the hundreds digit of l?
1
Let l = 7 + -1. Suppose l + 3 = -3*n. Let d = 18 - n. What is the tens digit of d?
2
Let n(j) = 2*j - 15. Let i(b) = 10*b**3 + b**2 - 3*b + 1. Let v be i(1). What is the units digit of n(v)?
3
Suppose 8 = w - 5*h, -17 = -5*w - h + 23. Let f be w*4/32*2. Suppose -n - 5*k + 61 = -f*k, 112 = 2*n + 4*k. What is the tens digit of n?
4
Let t = -10 - -45. Let c = t + -31. Suppose -204 = -c*x - 28. What is the units digit of x?
4
Let w(j) = 5*j**3 - 2*j**2 - 3*j + 57. What is the thousands digit of w(7)?
1
Suppose -6*n + 122 + 910 = 0. What is the hundreds digit of n?
1
What is the units digit of (-50 - -564)/(2/7)?
9
Let w(r) = r**3. Let b(g) = 3*g**3 - g**2 + g - 44. Let m(q) = -b(q) + 2*w(q). What is the units digit of m(0)?
4
Suppose 2*i + 498 = -r + 5*r, 0 = -2*r - 4*i + 234. What is the units digit of r?
3
Suppose 5*h - 145 - 227 = 2*a, -744 = 4*a - 2*h. Let c = 10 - a. What is the hundreds digit of c?
1
Let w = 13 + -11. Let z(s) = -45*s**2 + 20*s**w + 26*s**2 + 18*s**3. What is the tens digit of z(1)?
1
Let l = 1883 - 658. What is the units digit of l?
5
Let n = 28 + 88. What is the tens digit of n?
1
Let s = -116 - -25. What is the units digit of 535/7 - 52/s?
7
Let d(n) = -n**3 + 3*n**2 - 2*n + 7. Let l be d(3). Let f(i) = 67*i**3 - i**2 + 2*i - 1. What is the units digit of f(l)?
7
Suppose 21*z - 24*z = -18. Suppose 0 = 3*w - z*w + 30. What is the tens digit of w?
1
Suppose 0 = 17*k + 19*k - 15984. What is the units digit of k?
4
Suppose 0 = -4*i + 8290 - 2750. What is the hundreds digit of i?
3
Let p(y) = 2*y**2 - 2*y + 19. Let f(h) = h**2 - h + 18. Let i(j) = 3*f(j) - 2*p(j). Let x be i(0). Let w = -6 + x. What is the units digit of w?
0
Suppose 19*z = 24*z + 2*n - 10603, -2*z - 4*n + 4254 = 0. What is the tens digit of z?
1
Let z(u) = -u**3 + 10*u**2 - 16*u - 1. Let f be z(8). Let m be (-273)/f - (16 - 15). Suppose -r = -5*h + h - 59, 3*h = -5*r + m. What is the units digit of r?
5
Let m = 4559